{"id":14473,"date":"2012-08-11T11:13:15","date_gmt":"2012-08-11T09:13:15","guid":{"rendered":"https:\/\/depva.de\/praxisvermittlung-klinikboerse\/?page_id=14473"},"modified":"2025-08-26T11:15:11","modified_gmt":"2025-08-26T09:15:11","slug":"sitemap","status":"publish","type":"page","link":"https:\/\/depva.de\/praxisvermittlung-klinikboerse\/sitemap\/","title":{"rendered":"Sitemap"},"content":{"rendered":"<p><div class=\"fusion-fullwidth fullwidth-box fusion-builder-row-1 nonhundred-percent-fullwidth non-hundred-percent-height-scrolling\" style=\"--awb-border-radius-top-left:0px;--awb-border-radius-top-right:0px;--awb-border-radius-bottom-right:0px;--awb-border-radius-bottom-left:0px;--awb-flex-wrap:wrap;\" ><div class=\"fusion-builder-row fusion-row\"><div class=\"fusion-layout-column fusion_builder_column fusion-builder-column-0 fusion_builder_column_1_1 1_1 fusion-one-full fusion-column-first fusion-column-last\" style=\"--awb-bg-size:cover;--awb-margin-bottom:0px;\"><div class=\"fusion-column-wrapper fusion-flex-column-wrapper-legacy\"><div class=\"fusion-text fusion-text-1\"><h2 class=\"subtitle\">\u00dcbersicht aller Inhalte der Website<\/h2>\n<div class=\"rank-math-html-sitemap\"><div class=\"rank-math-html-sitemap__section rank-math-html-sitemap__section--post-type rank-math-html-sitemap__section--post\"><h2 class=\"rank-math-html-sitemap__title\">Beitr\u00e4ge<\/h2><ul class=\"rank-math-html-sitemap__list\"><li class=\"rank-math-html-sitemap__item\"><a href=\"https:\/\/depva.de\/praxisvermittlung-klinikboerse\/zahnmedizinische-praxen-in-nrw-zum-kauf-gesucht\/\" class=\"rank-math-html-sitemap__link\">Zahnmedizinische Praxen in NRW zum Kauf gesucht<\/a><\/li><li class=\"rank-math-html-sitemap__item\"><a href=\"https:\/\/depva.de\/praxisvermittlung-klinikboerse\/planklinik-zum-kauf-gesucht\/\" class=\"rank-math-html-sitemap__link\">Kleines Krankenhaus oder Klinik zum Kauf gesucht<\/a><\/li><li class=\"rank-math-html-sitemap__item\"><a href=\"https:\/\/depva.de\/praxisvermittlung-klinikboerse\/praxisvermietungen\/\" class=\"rank-math-html-sitemap__link\">Praxisvermietungen<\/a><\/li><li class=\"rank-math-html-sitemap__item\"><a href=\"https:\/\/depva.de\/praxisvermittlung-klinikboerse\/ppp-rechtsanwaelte-spezialisiert-auf-das-gesundheitswesen\/\" class=\"rank-math-html-sitemap__link\">PPP Rechtsanw\u00e4lte - spezialisiert auf Gesundheitswesen<\/a><\/li><\/ul><\/div><div class=\"rank-math-html-sitemap__section rank-math-html-sitemap__section--post-type rank-math-html-sitemap__section--page\"><h2 class=\"rank-math-html-sitemap__title\">Seiten<\/h2><ul class=\"rank-math-html-sitemap__list\"><li class=\"rank-math-html-sitemap__item\"><a href=\"https:\/\/depva.de\/praxisvermittlung-klinikboerse\/\" class=\"rank-math-html-sitemap__link\">Home<\/a><\/li><li class=\"rank-math-html-sitemap__item\"><a href=\"https:\/\/depva.de\/praxisvermittlung-klinikboerse\/datenschutzerklaerung\/cookie-richtlinie-eu\/\" class=\"rank-math-html-sitemap__link\">Cookie-Richtlinie (EU)<\/a><\/li><li class=\"rank-math-html-sitemap__item\"><a href=\"https:\/\/depva.de\/praxisvermittlung-klinikboerse\/news-blog\/\" class=\"rank-math-html-sitemap__link\">News Blog<\/a><\/li><li class=\"rank-math-html-sitemap__item\"><a href=\"https:\/\/depva.de\/praxisvermittlung-klinikboerse\/agbs-akzeptieren\/\" class=\"rank-math-html-sitemap__link\">AGBs akzeptieren<\/a><\/li><li class=\"rank-math-html-sitemap__item\"><a href=\"https:\/\/depva.de\/praxisvermittlung-klinikboerse\/praxis-vermittlung-verkauf\/\" class=\"rank-math-html-sitemap__link\">Praxisvermittlung &amp; Verkauf<\/a><ul class=\"rank-math-html-sitemap__list\"><li class=\"rank-math-html-sitemap__item\"><a href=\"https:\/\/depva.de\/praxisvermittlung-klinikboerse\/praxis-vermittlung-verkauf\/vermietungen\/\" class=\"rank-math-html-sitemap__link\">Vermietungen<\/a><ul class=\"rank-math-html-sitemap__list\"><li class=\"rank-math-html-sitemap__item\"><a href=\"https:\/\/depva.de\/praxisvermittlung-klinikboerse\/praxis-vermittlung-verkauf\/vermietungen\/mietangebot-melden\/\" class=\"rank-math-html-sitemap__link\">Mietangebot melden<\/a><\/li><\/ul><\/li><li class=\"rank-math-html-sitemap__item\"><a href=\"https:\/\/depva.de\/praxisvermittlung-klinikboerse\/praxis-vermittlung-verkauf\/klinikboerse\/\" class=\"rank-math-html-sitemap__link\">Klinikb\u00f6rse<\/a><ul class=\"rank-math-html-sitemap__list\"><li class=\"rank-math-html-sitemap__item\"><a href=\"https:\/\/depva.de\/praxisvermittlung-klinikboerse\/praxis-vermittlung-verkauf\/klinikboerse\/klinik-anbieten\/\" class=\"rank-math-html-sitemap__link\">Klinik anbieten<\/a><\/li><\/ul><\/li><li class=\"rank-math-html-sitemap__item\"><a href=\"https:\/\/depva.de\/praxisvermittlung-klinikboerse\/praxis-vermittlung-verkauf\/praxisinteressenten\/\" class=\"rank-math-html-sitemap__link\">Praxisinteressenten<\/a><\/li><li class=\"rank-math-html-sitemap__item\"><a href=\"https:\/\/depva.de\/praxisvermittlung-klinikboerse\/praxis-vermittlung-verkauf\/praxissuche-registrierung\/\" class=\"rank-math-html-sitemap__link\">Praxissuche - Registrierung (DE)<\/a><\/li><li class=\"rank-math-html-sitemap__item\"><a href=\"https:\/\/depva.de\/praxisvermittlung-klinikboerse\/praxis-vermittlung-verkauf\/praxis-klinik-anbieten\/\" class=\"rank-math-html-sitemap__link\">Praxis anbieten<\/a><\/li><li class=\"rank-math-html-sitemap__item\"><a href=\"https:\/\/depva.de\/praxisvermittlung-klinikboerse\/praxis-vermittlung-verkauf\/leistungen-verkauf-vermittlung\/\" class=\"rank-math-html-sitemap__link\">Unsere Leistungen<\/a><\/li><li class=\"rank-math-html-sitemap__item\"><a href=\"https:\/\/depva.de\/praxisvermittlung-klinikboerse\/praxis-vermittlung-verkauf\/praxisverkauf-deutschland\/\" class=\"rank-math-html-sitemap__link\">Praxisverkauf (DE)<\/a><\/li><li class=\"rank-math-html-sitemap__item\"><a href=\"https:\/\/depva.de\/praxisvermittlung-klinikboerse\/praxis-vermittlung-verkauf\/praxisvermittlung-deutschland\/\" class=\"rank-math-html-sitemap__link\">Praxisvermittlung Deutschland<\/a><\/li><\/ul><\/li><li class=\"rank-math-html-sitemap__item\"><a href=\"https:\/\/depva.de\/praxisvermittlung-klinikboerse\/kontakt\/\" class=\"rank-math-html-sitemap__link\">Kontakt<\/a><\/li><li class=\"rank-math-html-sitemap__item\"><a href=\"https:\/\/depva.de\/praxisvermittlung-klinikboerse\/sitemap\/\" class=\"rank-math-html-sitemap__link\">Sitemap<\/a><\/li><li class=\"rank-math-html-sitemap__item\"><a href=\"https:\/\/depva.de\/praxisvermittlung-klinikboerse\/impressum\/\" class=\"rank-math-html-sitemap__link\">Impressum<\/a><\/li><\/ul><\/div><div class=\"rank-math-html-sitemap__section rank-math-html-sitemap__section--post-type rank-math-html-sitemap__section--objekt_portfolio\"><h2 class=\"rank-math-html-sitemap__title\">Praxisverkauf DE<\/h2><ul class=\"rank-math-html-sitemap__list\"><li class=\"rank-math-html-sitemap__item\"><a href=\"https:\/\/depva.de\/praxisvermittlung-klinikboerse\/objekt_portfolio\/zahnaerztliche-praxissuche-an-mehreren-standorten-in-nrw\/\" class=\"rank-math-html-sitemap__link\">Zahn\u00e4rztliche Praxissuche an mehreren Standorten in NRW<\/a><\/li><li class=\"rank-math-html-sitemap__item\"><a href=\"https:\/\/depva.de\/praxisvermittlung-klinikboerse\/objekt_portfolio\/gynaekologische-praxis-im-rheinland-zu-verkaufen\/\" class=\"rank-math-html-sitemap__link\">Gyn\u00e4kologische Praxis im Rheinland zu verkaufen<\/a><\/li><li class=\"rank-math-html-sitemap__item\"><a href=\"https:\/\/depva.de\/praxisvermittlung-klinikboerse\/objekt_portfolio\/einzelpraxis-fuer-dermatologie-und-allergologie-in-regensburg-zu-verkaufen\/\" class=\"rank-math-html-sitemap__link\">Einzelpraxis f\u00fcr Dermatologie und Allergologie in Regensburg zu verkaufen<\/a><\/li><li class=\"rank-math-html-sitemap__item\"><a href=\"https:\/\/depva.de\/praxisvermittlung-klinikboerse\/objekt_portfolio\/haelfte-einer-gemeinschaftspraxis-fuer-augenheilkunde-naehe-schweinfurt-zu-verkaufen\/\" class=\"rank-math-html-sitemap__link\">H\u00e4lfte einer Gemeinschaftspraxis f\u00fcr Augenheilkunde N\u00e4he Schweinfurt zu verkaufen<\/a><\/li><li class=\"rank-math-html-sitemap__item\"><a href=\"https:\/\/depva.de\/praxisvermittlung-klinikboerse\/objekt_portfolio\/gynaekologische-praxis-im-rhein-sieg-kreis-zu-verkaufen\/\" class=\"rank-math-html-sitemap__link\">Gyn\u00e4kologische Praxis im Rhein-Sieg-Kreis zu verkaufen<\/a><\/li><\/ul><\/div><div class=\"rank-math-html-sitemap__section rank-math-html-sitemap__section--post-type rank-math-html-sitemap__section--praxis_miete\"><h2 class=\"rank-math-html-sitemap__title\">Praxismiete<\/h2><ul class=\"rank-math-html-sitemap__list\"><li class=\"rank-math-html-sitemap__item\"><a href=\"https:\/\/depva.de\/praxisvermittlung-klinikboerse\/praxismiete\/praxisraeume-mieten-im-gesundheitszentrum-volmerdingsen\/\" class=\"rank-math-html-sitemap__link\">Praxisr\u00e4ume mieten im Gesundheitszentrum Volmerdingsen<\/a><\/li><li class=\"rank-math-html-sitemap__item\"><a href=\"https:\/\/depva.de\/praxisvermittlung-klinikboerse\/praxismiete\/grosszuegige-praxis-in-leonberg-zu-vermieten\/\" class=\"rank-math-html-sitemap__link\">Gro\u00dfz\u00fcgige Praxis in Leonberg zu vermieten<\/a><\/li><li class=\"rank-math-html-sitemap__item\"><a href=\"https:\/\/depva.de\/praxisvermittlung-klinikboerse\/praxismiete\/nachfolger-fuer-arztpraxis-im-meditower-hilden-gesucht\/\" class=\"rank-math-html-sitemap__link\">Nachfolger f\u00fcr Arztpraxis im Meditower Hilden gesucht<\/a><\/li><li class=\"rank-math-html-sitemap__item\"><a href=\"https:\/\/depva.de\/praxisvermittlung-klinikboerse\/praxismiete\/flexibel-gestaltbare-praxisraeume-in-augsburg-mit-variabler-groesse-zu-vermieten\/\" class=\"rank-math-html-sitemap__link\">Flexibel gestaltbare Praxisr\u00e4ume in Augsburg mit variabler Gr\u00f6\u00dfe zu vermieten<\/a><\/li><li class=\"rank-math-html-sitemap__item\"><a href=\"https:\/\/depva.de\/praxisvermittlung-klinikboerse\/praxismiete\/praxiseinheit-im-gesundheitszentrum-lahnblick-in-bad-laasphe\/\" class=\"rank-math-html-sitemap__link\">Praxiseinheit im Gesundheitszentrum Lahnblick in Bad Laasphe<\/a><\/li><li class=\"rank-math-html-sitemap__item\"><a href=\"https:\/\/depva.de\/praxisvermittlung-klinikboerse\/praxismiete\/4889\/\" class=\"rank-math-html-sitemap__link\">Vielseitig nutzbare Praxisr\u00e4ume in Waldheim bei Dresden<\/a><\/li><\/ul><\/div><\/div>\n<\/div><div class=\"fusion-sep-clear\"><\/div><div class=\"fusion-separator fusion-full-width-sep\" style=\"margin-left: auto;margin-right: auto;margin-top:10px;width:100%;\"><\/div><div class=\"fusion-sep-clear\"><\/div><div class=\"fusion-clearfix\"><\/div><\/div><\/div><\/div><\/div><div class=\"fusion-fullwidth fullwidth-box fusion-builder-row-2 fusion-flex-container has-pattern-background has-mask-background nonhundred-percent-fullwidth non-hundred-percent-height-scrolling\" style=\"--awb-border-radius-top-left:0px;--awb-border-radius-top-right:0px;--awb-border-radius-bottom-right:0px;--awb-border-radius-bottom-left:0px;--awb-flex-wrap:wrap;\" ><div class=\"fusion-builder-row fusion-row fusion-flex-align-items-flex-start fusion-flex-content-wrap\" style=\"max-width:1185.6px;margin-left: calc(-4% \/ 2 );margin-right: calc(-4% \/ 2 );\"><div class=\"fusion-layout-column fusion_builder_column fusion-builder-column-1 fusion_builder_column_1_1 1_1 fusion-flex-column\" style=\"--awb-bg-size:cover;--awb-width-large:100%;--awb-margin-top-large:0px;--awb-spacing-right-large:1.92%;--awb-margin-bottom-large:20px;--awb-spacing-left-large:1.92%;--awb-width-medium:100%;--awb-order-medium:0;--awb-spacing-right-medium:1.92%;--awb-spacing-left-medium:1.92%;--awb-width-small:100%;--awb-order-small:0;--awb-spacing-right-small:1.92%;--awb-spacing-left-small:1.92%;\" data-scroll-devices=\"small-visibility,medium-visibility,large-visibility\"><div class=\"fusion-column-wrapper fusion-column-has-shadow fusion-flex-justify-content-flex-start fusion-content-layout-column\"><div class=\"fusion-separator fusion-full-width-sep\" style=\"align-self: center;margin-left: auto;margin-right: auto;margin-top:20px;margin-bottom:20px;width:100%;\"><\/div><div class=\"fusion-text fusion-text-2\" id=\"Registrierung\"><h3>Wir helfen bei personellen Engp\u00e4ssen. Schnell, kompetent und zuverl\u00e4ssig.<\/h3>\n<\/div><div class=\"fusion-separator fusion-full-width-sep\" style=\"align-self: center;margin-left: auto;margin-right: auto;margin-top:20px;margin-bottom:10px;width:100%;\"><\/div><div class=\"fusion-builder-row fusion-builder-row-inner fusion-row fusion-flex-align-items-flex-start fusion-flex-content-wrap\" style=\"width:104% !important;max-width:104% !important;margin-left: calc(-4% \/ 2 );margin-right: calc(-4% \/ 2 );\"><div class=\"fusion-layout-column fusion_builder_column_inner fusion-builder-nested-column-0 fusion_builder_column_inner_1_3 1_3 fusion-flex-column fusion-flex-align-self-stretch kontaktBox\" style=\"--awb-padding-top:20px;--awb-padding-right:20px;--awb-padding-bottom:15px;--awb-padding-left:20px;--awb-overflow:hidden;--awb-bg-color:rgba(3,169,244,0.14);--awb-bg-color-hover:rgba(3,169,244,0.14);--awb-bg-size:cover;--awb-border-radius:8px 8px 8px 8px;--awb-width-large:33.333333333333%;--awb-margin-top-large:0px;--awb-spacing-right-large:10px;--awb-margin-bottom-large:0px;--awb-spacing-left-large:0px;--awb-width-medium:50%;--awb-order-medium:0;--awb-spacing-right-medium:10px;--awb-spacing-left-medium:0px;--awb-width-small:100%;--awb-order-small:0;--awb-spacing-right-small:10px;--awb-spacing-left-small:0px;\" data-scroll-devices=\"small-visibility,medium-visibility,large-visibility\"><div class=\"fusion-column-wrapper fusion-column-has-shadow fusion-flex-justify-content-space-between fusion-content-layout-column\"><div class=\"fusion-separator fusion-full-width-sep\" style=\"align-self: center;margin-left: auto;margin-right: auto;margin-top:10px;width:100%;\"><\/div><div class=\"fusion-text fusion-text-3\" style=\"--awb-font-size:18px;--awb-line-height:1.5em;--awb-letter-spacing:-0.006em;--awb-text-transform:var(--awb-typography4-text-transform);--awb-text-color:#2b3d30;--awb-text-font-family:&quot;Work Sans&quot;;--awb-text-font-style:normal;--awb-text-font-weight:400;\"><p>Senden Sie uns gerne Ihre <a href=\"https:\/\/depva.de\/praxisvermittlung-klinikboerse\/personal-anfragen\/\">Personalanfrage online<\/a> oder rufen Sie uns an:<br \/>\n<i class=\"fontawesome-icon icon-phone fusion-text-flow\" style=\"color: #333; font-size: 1.2em; line-height: 1.6em; height: 24px; width: 24x; border-width: 0px; margin-left: 1px; margin-right: 10px;\"><\/i><span class=\"nobreak\" style=\"font-size: 1.4em;\">0211 <!--noSpam--> 22975363<\/span><\/p>\n<\/div><\/div><\/div><div class=\"fusion-layout-column fusion_builder_column_inner fusion-builder-nested-column-1 fusion_builder_column_inner_2_3 2_3 fusion-flex-column fusion-flex-align-self-stretch imageGalleryBox fusion-no-small-visibility fusion-no-medium-visibility\" style=\"--awb-bg-position:center center;--awb-bg-size:cover;--awb-width-large:66.666666666667%;--awb-margin-top-large:0px;--awb-spacing-right-large:0px;--awb-margin-bottom-large:0px;--awb-spacing-left-large:0px;--awb-width-medium:50%;--awb-order-medium:0;--awb-spacing-right-medium:0px;--awb-spacing-left-medium:0px;--awb-width-small:100%;--awb-order-small:0;--awb-spacing-right-small:0px;--awb-spacing-left-small:0px;\" data-scroll-devices=\"small-visibility,medium-visibility,large-visibility\"><div class=\"fusion-column-wrapper fusion-column-has-shadow fusion-flex-justify-content-flex-start fusion-content-layout-column\"><div class=\"awb-gallery-wrapper awb-gallery-wrapper-1 button-span-no\" style=\"--more-btn-alignment:center;\"><div style=\"margin:-5px;--awb-bordersize:0px;--awb-border-radius:8px;\" class=\"fusion-gallery fusion-gallery-container fusion-grid-3 fusion-columns-total-3 fusion-gallery-layout-grid fusion-gallery-1\"><div style=\"padding:5px;\" class=\"fusion-grid-column fusion-gallery-column fusion-gallery-column-3 hover-type-none\"><div class=\"fusion-gallery-image\"><a href=\"\/kontakt\/#sectionTeam\" target=\"_self\"><img decoding=\"async\" src=\"https:\/\/depva.de\/praxisvermittlung-klinikboerse\/wp-content\/uploads\/v-krassilschikov-sw.jpg\" width=\"400\" height=\"400\" alt=\"Vladimir Krassilschikov, Gesch\u00e4ftsf\u00fchrer\" title=\"Vladimir Krassilschikov, Gesch\u00e4ftsleitung, Personalvermittlung\" aria-label=\"Vladimir Krassilschikov, Gesch\u00e4ftsleitung, Personalvermittlung\" class=\"img-responsive wp-image-9256\" srcset=\"https:\/\/depva.de\/praxisvermittlung-klinikboerse\/wp-content\/uploads\/v-krassilschikov-sw-200x200.jpg 200w, https:\/\/depva.de\/praxisvermittlung-klinikboerse\/wp-content\/uploads\/v-krassilschikov-sw.jpg 400w\" sizes=\"(min-width: 2200px) 100vw, (min-width: 776px) 377px, (min-width: 708px) 565px, (min-width: 640px) 708px, \" \/><\/a><\/div><\/div><div style=\"padding:5px;\" class=\"fusion-grid-column fusion-gallery-column fusion-gallery-column-3 hover-type-none\"><div class=\"fusion-gallery-image\"><a href=\"\/kontakt\/#sectionTeam\" target=\"_self\"><img decoding=\"async\" src=\"https:\/\/depva.de\/praxisvermittlung-klinikboerse\/wp-content\/uploads\/t-suetcu-sw.jpg\" width=\"400\" height=\"400\" alt=\"Tabea S\u00fctc\u00fc, Personalsachbearbeiterin\" title=\"Tabea S\u00fctc\u00fc, Personalsachbearbeiterin\" aria-label=\"Tabea S\u00fctc\u00fc, Personalsachbearbeiterin\" class=\"img-responsive wp-image-12008\" srcset=\"https:\/\/depva.de\/praxisvermittlung-klinikboerse\/wp-content\/uploads\/t-suetcu-sw-200x200.jpg 200w, https:\/\/depva.de\/praxisvermittlung-klinikboerse\/wp-content\/uploads\/t-suetcu-sw.jpg 400w\" sizes=\"(min-width: 2200px) 100vw, (min-width: 776px) 377px, (min-width: 708px) 565px, (min-width: 640px) 708px, \" \/><\/a><\/div><\/div><div style=\"padding:5px;\" class=\"fusion-grid-column fusion-gallery-column fusion-gallery-column-3 hover-type-none\"><div class=\"fusion-gallery-image\"><a href=\"\/kontakt\/#sectionTeam\" target=\"_self\"><img decoding=\"async\" src=\"https:\/\/depva.de\/praxisvermittlung-klinikboerse\/wp-content\/uploads\/s-rixen-sw.jpg\" width=\"400\" height=\"400\" alt=\"Sven Rixen, Buchhaltung\" title=\"Sven Rixen, Buchhaltung\" aria-label=\"Sven Rixen, Buchhaltung\" class=\"img-responsive wp-image-9258\" srcset=\"https:\/\/depva.de\/praxisvermittlung-klinikboerse\/wp-content\/uploads\/s-rixen-sw-200x200.jpg 200w, https:\/\/depva.de\/praxisvermittlung-klinikboerse\/wp-content\/uploads\/s-rixen-sw.jpg 400w\" sizes=\"(min-width: 2200px) 100vw, (min-width: 776px) 377px, (min-width: 708px) 565px, (min-width: 640px) 708px, \" \/><\/a><\/div><\/div><div class=\"clearfix\"><\/div><\/div><\/div><\/div><\/div><\/div><div class=\"fusion-separator fusion-full-width-sep\" style=\"align-self: center;margin-left: auto;margin-right: auto;margin-top:20px;margin-bottom:20px;width:100%;\"><\/div><\/div><\/div><\/div><\/div><\/p>\n","protected":false},"excerpt":{"rendered":"","protected":false},"author":1,"featured_media":0,"parent":0,"menu_order":1011,"comment_status":"open","ping_status":"closed","template":"","meta":{"_lmt_disableupdate":"no","_lmt_disable":"","footnotes":""},"class_list":["post-14473","page","type-page","status-publish","hentry"],"_links":{"self":[{"href":"https:\/\/depva.de\/praxisvermittlung-klinikboerse\/wp-json\/wp\/v2\/pages\/14473","targetHints":{"allow":["GET"]}}],"collection":[{"href":"https:\/\/depva.de\/praxisvermittlung-klinikboerse\/wp-json\/wp\/v2\/pages"}],"about":[{"href":"https:\/\/depva.de\/praxisvermittlung-klinikboerse\/wp-json\/wp\/v2\/types\/page"}],"author":[{"embeddable":true,"href":"https:\/\/depva.de\/praxisvermittlung-klinikboerse\/wp-json\/wp\/v2\/users\/1"}],"replies":[{"embeddable":true,"href":"https:\/\/depva.de\/praxisvermittlung-klinikboerse\/wp-json\/wp\/v2\/comments?post=14473"}],"version-history":[{"count":7,"href":"https:\/\/depva.de\/praxisvermittlung-klinikboerse\/wp-json\/wp\/v2\/pages\/14473\/revisions"}],"predecessor-version":[{"id":14480,"href":"https:\/\/depva.de\/praxisvermittlung-klinikboerse\/wp-json\/wp\/v2\/pages\/14473\/revisions\/14480"}],"wp:attachment":[{"href":"https:\/\/depva.de\/praxisvermittlung-klinikboerse\/wp-json\/wp\/v2\/media?parent=14473"}],"curies":[{"name":"wp","href":"https:\/\/api.w.org\/{rel}","templated":true}]}}