{"id":3515,"date":"2015-11-02T11:04:45","date_gmt":"2015-11-02T09:04:45","guid":{"rendered":"http:\/\/www.bdaerzte.de\/?page_id=3515"},"modified":"2025-08-26T11:50:57","modified_gmt":"2025-08-26T09:50:57","slug":"klinikboerse","status":"publish","type":"page","link":"https:\/\/depva.de\/praxisvermittlung-klinikboerse\/praxis-vermittlung-verkauf\/klinikboerse\/","title":{"rendered":"Klinikb\u00f6rse"},"content":{"rendered":"<div class=\"fusion-fullwidth fullwidth-box fusion-builder-row-1 hundred-percent-fullwidth non-hundred-percent-height-scrolling\" style=\"--awb-border-radius-top-left:0px;--awb-border-radius-top-right:0px;--awb-border-radius-bottom-right:0px;--awb-border-radius-bottom-left:0px;--awb-overflow:visible;--awb-flex-wrap:wrap;\" ><div class=\"fusion-builder-row fusion-row\"><div class=\"fusion-layout-column fusion_builder_column fusion-builder-column-0 fusion_builder_column_1_1 1_1 fusion-one-full fusion-column-first fusion-column-last\" style=\"--awb-bg-size:cover;\"><div class=\"fusion-column-wrapper fusion-flex-column-wrapper-legacy\"><div class=\"fusion-text fusion-text-1\"><h2 style=\"margin-bottom: 20px;\">Vermittlung von Krankenh\u00e4usern und Kliniken in Deutschland<\/h2>\n<p>Als Agentur im Bereich der \u00c4rzte- und Praxisvermittlung verf\u00fcgen wir \u00fcber ein gro\u00dfes Netzwerk und zahlreiche, teils langj\u00e4hrige Kontakte zu Praxen, MVZs, Krankenh\u00e4usern und Klinikunternehmen.<\/p>\n<p>In unserer Klinikb\u00f6rse bringen wir Personen, Einrichtungen und Unternehmen zusammen, die am Kauf oder Verkauf von Kliniken interessiert sind. Wenn Sie ein Angebot oder eine Anfrage haben, <a href=\"https:\/\/depva.de\/kontakt\/\">senden Sie uns gerne eine Nachricht oder rufen Sie uns an.<\/a><\/p>\n<p>Wir behandeln Ihr Anliegen absolut diskret und melden uns umgehend bei Ihnen.<br \/>\nIhr DEPVA Team<\/p>\n<\/div><div class=\"fusion-text fusion-text-2\"><h2>Aktuelle Kaufgesuche<\/h2>\n<\/div><style type='text\/css'>.reading-box-container-1 .element-bottomshadow:before,.reading-box-container-1 .element-bottomshadow:after{opacity:0.40;}<\/style><div class=\"fusion-reading-box-container reading-box-container-1\" style=\"--awb-title-color:#434343;--awb-margin-top:10px;--awb-margin-bottom:10px;\"><div class=\"reading-box element-bottomshadow\" style=\"background-color:#f7f7f7;border-width:1px;border-color:#e8e8e8;border-style:solid;\"><a class=\"button fusion-button button-default fusion-button-large button-large button-flat fusion-desktop-button fusion-tagline-button continue fusion-desktop-button-margin continue-right\" style=\"-webkit-box-shadow:none;-moz-box-shadow:none;box-shadow:none;border-radius:4px 4px 4px 4px\" href=\"https:\/\/depva.de\/kontakt\/\" target=\"_self\"><span>Kontakt<\/span><\/a><h2>Krankenhaus (bis 50 Planbetten) zum Kauf gesucht<\/h2><div class=\"reading-box-additional fusion-reading-box-additional\">\n<p><strong>Referenz-ID: <\/strong>2025-03<br \/>\nVer\u00f6ffentlicht: 20. Februar 2025<br \/>\n<strong><br \/>\nArt der Klinik: <\/strong>Planbettklinik (bis 50 Betten) <strong>\/ <\/strong>alle Fachrichtungen<br \/>\n<strong><br \/>\nGew\u00fcnschte Region: <\/strong>bundesweit<br \/>\n<strong><br \/>\nPreisvorstellung: <\/strong>Verhandlungssache<\/p>\n<p><strong>Weitere Angaben zur Suche:<br \/>\n<\/strong>Eine deutsche Investorengruppe aus dem s\u00fcddeutschen Raum sucht zum Kauf bundesweit ein Planbettenkrankenhaus aller Fachrichtungen (bis 50 Betten). Das Ziel ist ein Dachkrankenhaus zu kaufen, um mehrere MVZ`s dort unterbringen bzw. gr\u00fcnden zu k\u00f6nnen.<\/p>\n<p><strong>Suchkriterien:<\/strong><br \/>\n\u2022 Planbettkrankenhaus bis 50 Betten mit jeglichen Fachrichtungen.<br \/>\n\u2022 Es sollten keine Fachbereiche sein, die aufgrund der aktuellen Gesundheitsreform im kommenden Jahr 2025, sp\u00e4ter schlechter dastehen.<br \/>\n\u2022 EBITDA Ergebnis: maximal EUR 500 Tsd. j\u00e4hrliches EBITDA negativ, pr\u00e4feriert gegen 0 oder positiv.<br \/>\n\u2022 pr\u00e4feriert werden l\u00e4ndliche Gebiete oder kleine St\u00e4dte, damit sichergestellt ist, dass die Krankenh\u00e4user im Versorgungsplan Bestand haben.<br \/>\n\u2022 Das Krankenhaus sollte im Versorgungsplan des jeweiligen Landes eingeschlossen sein und eine MVZ-Gr\u00fcndungseigenschaft haben.<\/p>\n<p>Diskretion ist garantiert. Wenn Sie etwas anbieten k\u00f6nnen, nehmen Sie gerne Kontakt auf.<\/p>\n<\/div><div class=\"fusion-clearfix\"><\/div><a class=\"button fusion-button button-default fusion-button-large button-large button-flat fusion-mobile-button continue-right\" style=\"-webkit-box-shadow:none;-moz-box-shadow:none;box-shadow:none;border-radius:4px 4px 4px 4px\" href=\"https:\/\/depva.de\/kontakt\/\" target=\"_self\"><span>Kontakt<\/span><\/a><\/div><\/div><style type='text\/css'>.reading-box-container-2 .element-bottomshadow:before,.reading-box-container-2 .element-bottomshadow:after{opacity:0.40;}<\/style><div class=\"fusion-reading-box-container reading-box-container-2\" style=\"--awb-title-color:#434343;--awb-margin-top:10px;--awb-margin-bottom:10px;\"><div class=\"reading-box element-bottomshadow\" style=\"background-color:#f7f7f7;border-width:1px;border-color:#e8e8e8;border-style:solid;\"><a class=\"button fusion-button button-default fusion-button-large button-large button-flat fusion-desktop-button fusion-tagline-button continue fusion-desktop-button-margin continue-right\" style=\"-webkit-box-shadow:none;-moz-box-shadow:none;box-shadow:none;border-radius:4px 4px 4px 4px\" href=\"https:\/\/depva.de\/kontakt\/\" target=\"_self\"><span>Kontakt<\/span><\/a><h2>Krankenhaus \/ Klinik oder Gesundheitszentrum zum Kauf gesucht<\/h2><div class=\"reading-box-additional fusion-reading-box-additional\">\n<p><strong>Referenz-ID: <\/strong>202403<br \/>\nVer\u00f6ffentlicht: 16. Mai 2024<br \/>\n<strong><br \/>\nArt der Klinik: <\/strong>Planbett- oder private Klinik <strong>\/ <\/strong>alle Fachrichtungen<br \/>\n<strong><br \/>\nGew\u00fcnschte Region: <\/strong>bundesweit<br \/>\n<strong><br \/>\nPreisvorstellung: <\/strong>Verhandlungssache<\/p>\n<p><strong>Weitere Angaben zur Suche:<br \/>\n<\/strong>Unserer Auftraggeber sucht als Investition nach einem Krankenhaus jeglicher Fachrichtung mit mind. 40 Betten. Idealerweise sollte ein Gewinn von 10 Mio. bis 100 Mio. im Jahr erzielt werden. Bei Fragen oder wenn Sie ein Objekt anbieten k\u00f6nnen, wenden Sie sich gerne jederzeit an uns.<\/p>\n<\/div><div class=\"fusion-clearfix\"><\/div><a class=\"button fusion-button button-default fusion-button-large button-large button-flat fusion-mobile-button continue-right\" style=\"-webkit-box-shadow:none;-moz-box-shadow:none;box-shadow:none;border-radius:4px 4px 4px 4px\" href=\"https:\/\/depva.de\/kontakt\/\" target=\"_self\"><span>Kontakt<\/span><\/a><\/div><\/div><style type='text\/css'>.reading-box-container-3 .element-bottomshadow:before,.reading-box-container-3 .element-bottomshadow:after{opacity:0.40;}<\/style><div class=\"fusion-reading-box-container reading-box-container-3 hide-content\" style=\"--awb-title-color:#434343;--awb-margin-top:10px;--awb-margin-bottom:10px;\"><div class=\"reading-box element-bottomshadow\" style=\"background-color:#f7f7f7;border-width:1px;border-color:#e8e8e8;border-style:solid;\"><a class=\"button fusion-button button-default fusion-button-large button-large button-flat fusion-desktop-button fusion-tagline-button continue fusion-desktop-button-margin continue-right\" style=\"-webkit-box-shadow:none;-moz-box-shadow:none;box-shadow:none;border-radius:4px 4px 4px 4px\" href=\"https:\/\/depva.de\/kontakt\/\" target=\"_self\"><span>Kontakt<\/span><\/a><h2>[Inaktiv] \u00c4rzteh\u00e4user \/ Gesundheitszentren bundesweit zum Kauf gesucht<\/h2><div class=\"reading-box-additional fusion-reading-box-additional\">\n<p><strong>Referenz-ID: <\/strong>202301<br \/>\nVer\u00f6ffentlicht: 30. Januar 2023<\/p>\n<p>Wir suchen f\u00fcr unseren Auftraggeber <strong>\u00c4rzteh\u00e4user \/ Gesundheitszentren bundesweit.<br \/>\n<\/strong>In Frage kommen Bestandsobjekte jeglichen Baujahres, sowie auch als Projektvorhaben im Bau mit Kaufpreis pro Einzeltransaktion bis 100 Mio Euro. Gekauft wird bundesweit, in Ost oder Westdeutschland, in Klein-, Mittel- oder Gro\u00dfst\u00e4dten ab 25.000 Einwohner.<\/p>\n<p><strong>Gesuchte Objekte<\/strong>: es werden gezielt \u00c4rzteh\u00e4user ab einer Mietfl\u00e4che von ca. 2.500 qm gesucht, von der Gr\u00f6\u00dfe nicht eingeschr\u00e4nkt. Bevorzugt werden z.B. ambulante \u00c4rzteh\u00e4user, Kliniken gesucht soweit dort \u00fcberwiegend ambulant behandelt wird (z.B. Dialyseklinik, ambulante Beatmung, etc.). Das Objekt sollte ein Gesundheitszentrum \/ \u00c4rztehaus sein, so dass ca. = 60 % der Mieteinnahmen aus den medizinischen Bereichen stammen (hierunter z\u00e4hlen auch Sanit\u00e4tsh\u00e4user, Apotheken, etc.), die restlichen Fl\u00e4chen k\u00f6nnen in Mischnutzung sein wie Wohnungen, Gesch\u00e4fte, B\u00fcros, Retail \/ Supermarkt, etc. Gekauft werden Bestandsobjekte jeglichen Baujahres (ESG ber\u00fccksichtigt), sowie auch Projektvorhaben im Bau. Kaufpreis pro Einzeltransaktion bis \u20ac 100 Mio. m\u00f6glich. Neuere Objekte ohne Investitionsstau werden bevorzugt.<br \/>\n<strong>Vermietung<\/strong>: das Objekt sollte mindestens 2\/3 vermietet sein. Fluktuierender Leerstand w\u00e4re kein Problem.<br \/>\n<strong>Details zur Kaufabwicklung<\/strong>: unser Auftraggeber ist von den Ankaufskriterien recht flexibel und pr\u00fcft daher alle in Frage kommenden Angebote. Anhand der \u00fcberlassenen Eckdaten wird Ihr Angebot innerhalb von 2-3 Tagen gepr\u00fcft, ob dieses f\u00fcr einen Ankauf in Frage kommt. Die Zeitdauer der Kaufabwicklung liegt in der Regel bei 4-6 Wochen. Jedes Angebot wird vertraulich behandelt und diskret abgewickelt.<br \/>\n<strong>Sonstiges<\/strong>: es wird kein Teileigentum gesucht. Bevorzugt sind direkte Anfragen von Eigent\u00fcmern. Angebote von Maklern kommen ebenfalls nach R\u00fccksprache mit uns in Frage.<br \/>\n<strong>Weitere Suchkriterien<\/strong>:<br \/>\n&#8211; Faktoren Bestand 14-20-Fach<br \/>\n&#8211; Faktoren Neubau 16-21-Fach<br \/>\n&#8211; Mieterliste (WALT) &#8211; Restlaufzeit der Mietvertr\u00e4ge<br \/>\n&#8211; Indexierte Mietvertr\u00e4ge<br \/>\n&#8211; Verwalterumlage<br \/>\n&#8211; ESG konform<\/p>\n<p>Bei Fragen oder wenn Sie ein Objekt anbieten k\u00f6nnen, wenden Sie sich gerne jederzeit an uns.<\/p>\n<\/div><div class=\"fusion-clearfix\"><\/div><a class=\"button fusion-button button-default fusion-button-large button-large button-flat fusion-mobile-button continue-right\" style=\"-webkit-box-shadow:none;-moz-box-shadow:none;box-shadow:none;border-radius:4px 4px 4px 4px\" href=\"https:\/\/depva.de\/kontakt\/\" target=\"_self\"><span>Kontakt<\/span><\/a><\/div><\/div><style type='text\/css'>.reading-box-container-4 .element-bottomshadow:before,.reading-box-container-4 .element-bottomshadow:after{opacity:0.40;}<\/style><div class=\"fusion-reading-box-container reading-box-container-4\" style=\"--awb-title-color:#434343;--awb-margin-top:10px;--awb-margin-bottom:10px;\"><div class=\"reading-box element-bottomshadow\" style=\"background-color:#f7f7f7;border-width:1px;border-color:#e8e8e8;border-style:solid;\"><a class=\"button fusion-button button-default fusion-button-large button-large button-flat fusion-desktop-button fusion-tagline-button continue fusion-desktop-button-margin continue-right\" style=\"-webkit-box-shadow:none;-moz-box-shadow:none;box-shadow:none;border-radius:4px 4px 4px 4px\" href=\"https:\/\/depva.de\/kontakt\/\" target=\"_self\"><span>Kontakt<\/span><\/a><h2>Planklinik gesucht<\/h2><div class=\"reading-box-additional fusion-reading-box-additional\"><strong>Referenz-ID: <\/strong>200227<br \/>\nVer\u00f6ffentlicht: 27. Februar 2020<\/p>\n<p>Wir suchen f\u00fcr unseren Auftraggeber ab dem n\u00e4chstm\u00f6glichen Zeitpunkt bundesweit eine Planklinik (Bettenanzahl egal!). Gerne im zahnmedizinischen Kontext oder bevorzugt nicht in den Risikobereichen (Orto, Gyn und Geburtshilfe). Grunds\u00e4tzlich kommen aber alle Fachbereiche und Ausrichtungen in Frage.<\/p>\n<p>Unsere Auftraggeber sind in Norddeutschland ans\u00e4ssig, weshalb Kliniken in dieser Region ideal w\u00e4ren. Die Suche ist jedoch bundesweit.<\/p>\n<p>In Frage kommen Kliniken mit einem Investment von 1 bis max. 3 Mio. Euro als Kaufpreis. Der aktuelle Umsatz ist nicht so relevant. Auch defizit\u00e4re Kliniken (bis zu einem gewissen Level) sind interessant. F\u00fcr Details nehmen Sie gerne Kontakt mit uns auf.<br \/>\n<br style=\"height: 50%;\"><\/div><div class=\"fusion-clearfix\"><\/div><a class=\"button fusion-button button-default fusion-button-large button-large button-flat fusion-mobile-button continue-right\" style=\"-webkit-box-shadow:none;-moz-box-shadow:none;box-shadow:none;border-radius:4px 4px 4px 4px\" href=\"https:\/\/depva.de\/kontakt\/\" target=\"_self\"><span>Kontakt<\/span><\/a><\/div><\/div><div class=\"fusion-clearfix\"><\/div><\/div><\/div><\/div><\/div>\n","protected":false},"excerpt":{"rendered":"","protected":false},"author":1,"featured_media":0,"parent":1886,"menu_order":50,"comment_status":"closed","ping_status":"closed","template":"","meta":{"_lmt_disableupdate":"no","_lmt_disable":"","footnotes":""},"class_list":["post-3515","page","type-page","status-publish","hentry"],"_links":{"self":[{"href":"https:\/\/depva.de\/praxisvermittlung-klinikboerse\/wp-json\/wp\/v2\/pages\/3515","targetHints":{"allow":["GET"]}}],"collection":[{"href":"https:\/\/depva.de\/praxisvermittlung-klinikboerse\/wp-json\/wp\/v2\/pages"}],"about":[{"href":"https:\/\/depva.de\/praxisvermittlung-klinikboerse\/wp-json\/wp\/v2\/types\/page"}],"author":[{"embeddable":true,"href":"https:\/\/depva.de\/praxisvermittlung-klinikboerse\/wp-json\/wp\/v2\/users\/1"}],"replies":[{"embeddable":true,"href":"https:\/\/depva.de\/praxisvermittlung-klinikboerse\/wp-json\/wp\/v2\/comments?post=3515"}],"version-history":[{"count":18,"href":"https:\/\/depva.de\/praxisvermittlung-klinikboerse\/wp-json\/wp\/v2\/pages\/3515\/revisions"}],"predecessor-version":[{"id":14629,"href":"https:\/\/depva.de\/praxisvermittlung-klinikboerse\/wp-json\/wp\/v2\/pages\/3515\/revisions\/14629"}],"up":[{"embeddable":true,"href":"https:\/\/depva.de\/praxisvermittlung-klinikboerse\/wp-json\/wp\/v2\/pages\/1886"}],"wp:attachment":[{"href":"https:\/\/depva.de\/praxisvermittlung-klinikboerse\/wp-json\/wp\/v2\/media?parent=3515"}],"curies":[{"name":"wp","href":"https:\/\/api.w.org\/{rel}","templated":true}]}}